851 (base 10) in base 3?
21012120202
Convert -130105630 (base 7) to base 11.
-472860a
What is -10010010111101101111 (base 2) in base 9?
-1116662
What is 278139 (base 10) in base 16?
43e7b
What is 2021020111010 (base 3) in base 8?
4462217
Convert -257300 (base 14) to base 7.
-13641500
102220002102001 (base 3) to base 6
343243131
What is 1000011011110100 (base 2) in base 5?
2101143
What is 641708 (base 9) in base 6?
12103442
463506 (base 9) to base 7
2235651
-113403 (base 8) to base 2
-1001011100000011
What is -265743 (base 8) in base 4?
-112233203
-453236 (base 8) to base 4
-211122132
What is -10330023312 (base 4) in base 16?
-13c2f6
Convert -350423 (base 7) to base 6.
-1201555
112210010000222 (base 3) to base 10
7855730
What is 12705802 (base 9) in base 2?
10111111001001011000001
What is 554134 (base 7) in base 3?
11221201121
What is -436580 (base 11) in base 9?
-1271748
Convert -2113022003 (base 4) to base 11.
-393194
What is 1001110010000 (base 2) in base 8?
11620
What is -27781410 (base 9) in base 7?
-224616654
What is -581d7 (base 16) in base 10?
-360919
What is 2b4432 (base 12) in base 7?
6142601
What is -17819 (base 10) in base 5?
-1032234
Convert 9bb19 (base 16) to base 8.
2335431
Convert 22532006 (base 8) to base 6.
252533302
c2178 (base 16) to base 14
169a1a
Convert 892858 (base 11) to base 3.
2200100011221
What is -257934 (base 11) in base 15?
-80350
-1220210020102 (base 3) to base 10
-1019315
Convert -1062204 (base 9) to base 14.
-10c87d
What is 23a3b (base 16) in base 9?
242218
What is 992460 (base 10) in base 8?
3622314
1365216 (base 7) to base 6
3541130
What is 100231230332 (base 4) in base 10?
4381502
What is -6b4aa (base 14) in base 15?
-527ae
-279b5 (base 12) to base 13
-1c05b
Convert -14bba59 (base 12) to base 7.
-50645100
What is 332142 (base 6) in base 15?
8325
Convert 3405523 (base 6) to base 3.
22202102020
13236225 (base 7) to base 9
2257730
What is -3776124 (base 8) in base 2?
-11111111110001010100
What is -1605416 (base 7) in base 8?
-656377
Convert -3854607 (base 11) to base 16.
-65f6f1
4c445 (base 13) to base 6
3010205
14464841 (base 9) to base 12
24a77b4
What is -63169 (base 11) in base 3?
-11200020201
-689463 (base 13) to base 7
-30023631
32221401 (base 8) to base 3
110222001122010
What is 20979 (base 16) in base 2?
100000100101111001
b83510 (base 14) to base 7
103655620
Convert -837018 (base 15) to base 9.
-12676085
-17979 (base 15) to base 11
-52435
-16db20 (base 15) to base 3
-2002100221210
Convert 2233040432 (base 5) to base 12.
17b8b47
-2ba51 (base 15) to base 4
-202112131
What is 102194 (base 11) in base 7?
1251644
What is 441140130 (base 5) in base 2?
111001110111101100010
-2001132011 (base 4) to base 7
-4336043
322690 (base 10) to base 12
1368aa
What is -5445225 (base 6) in base 2?
-1000010000110010001
What is -6450761 (base 10) in base 6?
-350132345
What is -121312010 (base 4) in base 12?
-51318
-10101001011011010 (base 2) to base 15
-1aa81
Convert 11a4c (base 14) to base 16.
a8b4
What is 10353041 (base 6) in base 11?
1a2248
Convert 1447620 (base 9) to base 14.
16b504
372454 (base 8) to base 9
214885
-110003022030 (base 4) to base 12
-1915690
What is -2a948 (base 12) in base 10?
-60104
b5a98 (base 12) to base 14
62bac
132a61 (base 13) to base 6
13532055
Convert -18288d (base 14) to base 13.
-23ac51
-2212000210 (base 3) to base 2
-1101101101011010
Convert 4613273 (base 8) to base 4.
10301122323
What is 2428933 (base 12) in base 13?
15bc091
What is -2130303221 (base 4) in base 12?
-26b835
Convert 326740 (base 13) to base 2.
100100001011010001010
Convert -4507307 (base 8) to base 7.
-13223525
Convert 1245075 (base 11) to base 5.
1023041324
What is 22133331130 (base 4) in base 5?
1201033343
What is -2196733 (base 11) in base 12?
-135500b
110527 (base 10) to base 5
12014102
What is 1942374 (base 10) in base 15?
2857b9
What is 232234311 (base 5) in base 6?
34342541
-10013223 (base 5) to base 8
-232524
-a25849 (base 14) to base 9
-11257010
What is -112020010021202 (base 3) in base 10?
-7560668
1c7979 (base 13) to base 15
e6900
What is -4022334 (base 7) in base 9?
-805263
25397bc (base 13) to base 3
210212012100201
What is -ac793a (base 13) in base 7?
-46421334
1311002 (base 5) to base 9
38283
14420488 (base 9) to base 6
413232555
94a3 (base 11) to base 5
400301
What is -466706 (base 8) in base 2?
-100110110111000110
Convert -462 (base 10) to base 15.
-20c
Convert -1ab6b40 (base 12) to base 13.
-1251003
31313323033 (base 4) to base 8
15677317
What is 4a459c (base 13) in base 15?
25287e
Convert -330734 (base 16) to base 5.
-1324003210
What is -aa718a (base 11) in base 15?
-24d5db
What is 631200 (base 7) in base 3?
12111211000
1670804 (base 12) to base 2
10001101001001110000100
2872 (base 11) to base 7
13546
-3e5a8 (base 15) to base 16
-30ed8
What is -13335533 (base 6) in base 3?
-211210002110
886556 (base 10) to base 3
1200001010102
Convert -7527661 (base 8) to base 13.
-555499
Convert -1016e (base 16) to base 15.
-147d7
What is 1576593 (base 11) in base 6?
133340232
What is -423063 (base 10) in base 16?
-67497
Convert 30331550 (base 7) to base 12.
a1b578
What is 302250553 (base 6) in base 4?
103222121211
-215133 (base 10) to base 8
-644135
Convert 223112 (base 11) to base 16.
56cb7
Convert 170800 (base 10) to base 3.
22200021221
-22211122200002 (base 3) to base 12
-16a650b
Convert -1100011110100100 (base 2) to base 7.
-302001
What is -221304 (base 7) in base 9?
-58333
Convert 122535315 (base 7) to base 12.
2713409
What is -855626 (base 12) in base 5?
-1014310440
What is 215541 (base 7) in base 16?
9474
-1a86952 (base 11) to base 3
-20121020112012
Convert 9950444 (base 10) to base 11.
5686a09
46286a9 (base 11) to base 2
11110110111111010001101
Convert 814859 (base 10) to base 15.
11168e
Convert -50c49 (base 13) to base 15.
-2cde9
Convert dc9f (base 16) to base 5.
3301404
155750 (base 9) to base 8
273557
Convert 607162 (base 8) to base 5.
22402211
What is -472674 (base 10) in base 7?
-4006026
What is -a76a74 (base 13) in base 14?
-7435cc
Convert 312670 (base 8) to base 9.
167424
What is 55c33 (base 14) in base 12?
a0599
Convert -1a44a1c (base 15) to base 13.
-3c94521
What is 101110101001001 (base 2) in base 16?
5d49
Convert -117173 (base 9) to base 11.
-49269
-1b5795 (base 13) to base 14
-1423d8
What is -225948 (base 10) in base 11?
-144838
What is 460206 (base 7) in base 2?
10011111101001010
What is 23133113 (base 5) in base 16?
32e95
What is -2276cc8 (base 13) in base 2?
-101000011110101100110001
Convert 330126 (base 7) to base 10.
57693
221020220111 (base 3) to base 9
836814
Convert 100111111001 (base 3) to base 4.
231221200
Convert 381a4 (base 13) to base 12.
4bb22
Convert -483439 (base 11) to base 4.
-2322332123
-1e0c9d (base 16) to base 6
-110113101
Convert 1620831 (base 9) to base 8.
3334715
-11001011100100010 (base 2) to base 13
-38595
Convert -2126aab (base 13) to base 3.
-200222222112200
What is -960212 (base 12) in base 4?
-21001030232
What is -880404 (base 10) in base 11?
-551508
What is -523022 (base 7) in base 9?
-146258
-4056316 (base 9) to base 12
-883a29
Convert 140135554 (base 6) to base 11.
1650a33
What is -211201010 (base 3) in base 7?
-66156
Convert 1060155 (base 7) to base 4.
200100300
Convert 110012020200 (base 3) to base 15.
4b1b6
Convert aa9b79 (base 12) to base 4.
22112111031
-41233 (base 6) to base 16
-1575
Convert 109 (base 13) to base 4.
2302
What is 70067 (base 15) in base 3?
200000020121
-221100001211 (base 3) to base 15
-9cb5a
Convert 430335 (base 6) to base 13.
12caa
-95583 (base 10) to base 13
-34677
What is 323103030 (base 6) in base 2?
10101111011000110111010
What is -13c284 (base 14) in base 7?
-5556324
Convert -471670 (base 8) to base 6.
-3235544
Convert 6aef5 (base 16) to base 12.
191585
Convert 2102323011 (base 4) to base 5.
123224142
17632a4 (base 11) to base 8
13322011
What is 11111111010011110011001 (base 2) in base 13?
196bba9
What is 11010011010101110101 (base 2) in base 5?
210200103
Convert -1542504 (base 6) to base 12.
-44a34
What is 103ed (base 15) in base 5?
3122043
Convert -34510410 (base 6) to base 7.
-12032040
Convert -2361603 (base 9) to base 6.
-43240433
-220120021211201 (base 3) to base 6
-1143454201
Convert 103001310103 (base 4) to base 2.
10011000001110100